 List the prime factors of b(l).
2, 5, 7
Suppose -2*l - 63 - 13 = 0. Let n = 120 + l. What are the prime factors of n?
2, 41
Suppose 0 = 4*o + 2 - 90. Let h = o + -42. What are the prime factors of (-355)/h - 2/(-8)?
2, 3
List the prime factors of 18/(-6) + 2 - -4241.
2, 5, 53
Let u(p) = 15*p + 9*p + 5 - 44*p. What are the prime factors of u(-3)?
5, 13
Let s = -12 + 24. Let f = 42 + 6. List the prime factors of 2/s + 1864/f.
3, 13
Let r = 17 + -7. Suppose -5*f - 155 = -r*f. What are the prime factors of f?
31
Suppose 4*r - 2*g + 6*g - 1344 = 0, 3*r - 1000 = -5*g. List the prime factors of r.
2, 5, 17
Let g = 4702 - 3034. List the prime factors of g.
2, 3, 139
Let v(s) be the first derivative of 2*s**3/3 - 7*s**2/2 + 4*s - 23. What are the prime factors of v(5)?
19
Let l be (9/(-2))/((-3)/(-4)). Suppose -6*y = -4*o - 4*y + 26, 3*o - 16 = -2*y. List the prime factors of ((-272)/l)/(o/9).
2, 17
Let v(o) = -o**2 + 220. Let c be v(0). Let r be c/6*(-18)/15. Let y = r + 78. List the prime factors of y.
2, 17
What are the prime factors of ((-2)/(1 - -1))/((-11)/8987)?
19, 43
List the prime factors of (351/(-81))/(1/(-129)).
13, 43
Let n(t) = t - 9. Let u be n(-7). Let q = -9 - u. Let d = q + 16. What are the prime factors of d?
23
Let h(d) be the third derivative of d**6/120 - 11*d**5/60 - 7*d**4/24 - 8*d**3/3 + 5*d**2. What are the prime factors of h(12)?
2, 11
Let s(g) = 3*g**3 - 4*g**2 - 2*g + 4. List the prime factors of s(3).
43
Suppose -3*g - 2*g = 0. Let o(w) = w**3 + 5. Let a be o(g). Suppose -2*c + 31 = -a. What are the prime factors of c?
2, 3
Let x(s) = 630*s + 372. What are the prime factors of x(6)?
2, 3, 173
Let h = -18 - -15. Let j(a) = -8*a - 5. What are the prime factors of j(h)?
19
Let u = 23 + -24. List the prime factors of 145/2 + u/(-2).
73
Let j(o) = 28*o**2 - 6*o - 8. What are the prime factors of j(-3)?
2, 131
Let l(n) = 6*n**3 + 3*n - 2. Let t be l(3). Suppose -5*b - d - d + 823 = 0, -b + 4*d = -t. Let q = -96 + b. List the prime factors of q.
3, 23
Suppose h - 5*q + 23 = 0, -4*q + 0*q - 32 = 2*h. Let y be 4/h - (-12)/54. Suppose -3*t + 3*p - 2 = -5, -p + 4 = y. What are the prime factors of t?
5
Let q(s) = -s + 13. Let u be q(11). Let f be (-5 + 4)*(4 - u). List the prime factors of f/((-3 - 0)/33).
2, 11
List the prime factors of ((-6)/12)/((-1)/1498).
7, 107
Let b(u) = 3*u**2 + 14*u + 8. Suppose 0 = q - 3*q + 60. Suppose -7*d + 2*d = q. List the prime factors of b(d).
2
Suppose 2*o = -o + 6. Suppose 3*z = -o*z. Suppose z = 2*f - 31 - 9. List the prime factors of f.
2, 5
Let v = 61 + -21. Suppose -5*s + 3*s = v. Let u = -7 - s. List the prime factors of u.
13
List the prime factors of 400/4 + 15/(-3).
5, 19
Let h(z) = -4*z - 18. Let i be h(-18). Let m = i - -6. What are the prime factors of m?
2, 3, 5
List the prime factors of 13226/17 - -3*4/3.
2, 17, 23
Let y be ((-1)/2)/(1/(-4)). Suppose -y*d - 3*p = 2*p - 187, -5*d - 3*p + 496 = 0. What are the prime factors of d?
101
Let x(r) = 2*r - 21. Let u be x(9). Let h = -2 - u. List the prime factors of -11*h*(-4 - -2).
2, 11
Let o = 38 + -34. What are the prime factors of o/(8/2 + -2)?
2
Let r(b) = -23*b - 11. Suppose 0 = -4*l - 30 + 10. What are the prime factors of r(l)?
2, 13
Suppose -4*v - 3*f + 2583 = 0, -2*f = -18 + 24. List the prime factors of v.
2, 3
Suppose -4*q = -16, -2*q + 0 = -5*v + 2. Suppose -6*n + 5*n = v*t - 513, 1282 = 5*t + 3*n. List the prime factors of t.
257
Suppose 0 = 2*l - 3*g - 1035, -5*l + 12*g - 9*g = -2565. List the prime factors of l.
2, 3, 5, 17
Let z(x) = -x**2 + 75*x + 119. List the prime factors of z(33).
5, 7, 43
Suppose 3*h + 2*n - 6*n - 827 = 0, -n = 5*h - 1340. List the prime factors of h.
269
Let h(m) = -6 - 6*m**2 + 5*m**2 + 0 - m**3 - 3*m + 2*m**2. What are the prime factors of h(-3)?
3, 13
Let x = 194 + 122. Suppose 2*n + 309 + 343 = 4*b, -2*b + x = 4*n. What are the prime factors of b?
2, 3
Let y(b) = -141*b + 736. List the prime factors of y(-8).
2, 233
Let f = 84 + -59. Suppose g + 1 = 5*h, 3*g + f = -3*h + 4. List the prime factors of (-150)/g + 0/1.
5
Let t be (879 - -1) + -2 + (5 - 3). Suppose g - t = -4*g. List the prime factors of g.
2, 11
What are the prime factors of (-1896)/(3*((-85)/(-15) - 6))?
2, 3, 79
Suppose 5*f - 4981 = 3*g, -2011 = 13*f - 15*f - 5*g. List the prime factors of f.
2, 499
Let i be 1/(-2)*4*-5. What are the prime factors of (-594)/(-10) - (-6)/i?
2, 3, 5
Suppose -2*s + 1429 = z, 0*s + 3*z = s - 732. List the prime factors of s.
3, 239
List the prime factors of (-11)/55 - 1*(-11733)/15.
2, 17, 23
What are the prime factors of 3/(9/15) - (-1 - 456)?
2, 3, 7, 11
Let u = 89 + -39. List the prime factors of u*1*(-1 - 30/(-12)).
3, 5
Suppose -86 = 3*q - l, 3*l + 0 + 3 = 0. Let x = 51 + q. What are the prime factors of x?
2, 11
What are the prime factors of (22 - 51)*(-49)/1?
7, 29
Suppose 2*t = -t + 3*s + 588, -3*s + 576 = 3*t. Let m = t - 81. What are the prime factors of m?
113
Let n(s) = -86*s - 12. What are the prime factors of n(-10)?
2, 53
Let j = -13 + 234. List the prime factors of j.
13, 17
Let h(s) = s**3 + 8*s**2 - 5. Let b be h(-8). Let r(i) = -17*i + 3. List the prime factors of r(b).
2, 11
What are the prime factors of (8550/12)/(-5)*-2?
3, 5, 19
Let l be (-2)/7 + 648/14. Suppose 0 = q - l - 77. What are the prime factors of q?
3, 41
Suppose -2626 = -14*c + c. What are the prime factors of c?
2, 101
Let q = -4 + 9. List the prime factors of 1974/105 - 4/q.
2, 3
Let h be -2 + 80/1 + -4. Suppose 0 = -2*b + 86 + h. List the prime factors of b.
2, 5
Let f(s) = 90*s - 269. What are the prime factors of f(6)?
271
Suppose 2*c + c + 0*c = 0. Suppose 53*q - 49*q - 16 = c. List the prime factors of q.
2
List the prime factors of 11 + -10 + 1 + (11 - 2).
11
Suppose -12 = -5*y - 5*o + 8, 0 = -3*y + o - 4. Suppose y = -w + 6*w. What are the prime factors of 3 + (7 - w/1)?
2, 5
Let w(q) = q**3 + 4*q**2 + q + 2. Let j be w(-4). Let r = -15 + 12. What are the prime factors of j/(2/r) - -6?
3
Let i be (-2)/2 - (-18 - -14). Suppose -4*t + 152 = 3*y, -i*t + 22 = 7. Suppose 3*v = -5*p + y, -2*p = 2*v + 3*v - 29. What are the prime factors of p?
7
Suppose -3*u + 4*t + 3 = 0, 5*t = 2*t. Let b(y) = 34*y - 3. What are the prime factors of b(u)?
31
Suppose 0 = -6*g + g + 800. Suppose -g = -4*p - 3*a - 42, -4*p - 4*a + 120 = 0. Suppose -3*h + p + 28 = n, 2*h - 38 = -n. What are the prime factors of h?
2, 3
Let l be 2/7 - 8495/(-35). Suppose 14*f - 17*f = -l. List the prime factors of f.
3
What are the prime factors of (13 - 17) + (-3 - (-3 + -566))?
2, 281
Let u = 144 + 313. List the prime factors of u.
457
List the prime factors of (-2 + (0 - -449))*(-2)/(-2).
3, 149
Let p be (1/3)/((-3)/(-54)). Suppose -p*v + 140 = -2*v. Let w = 56 - v. What are the prime factors of w?
3, 7
Let a = 0 + -4. Let k be 2/a*2 - -11. Suppose 0 = -5*x + 10 + k. What are the prime factors of x?
2
Suppose -2*m - 2*o + 0*o + 282 = 0, -2*m + 4*o = -312. What are the prime factors of m?
2, 73
List the prime factors of (23571/(-108))/((-6)/80).
2, 3, 5, 97
Suppose -25*l - 100 = -2325. What are the prime factors of l?
89
Let g be (-11230)/(-90) - (-4)/18. Let n be (-160)/76 - (-8)/76. List the prime factors of (16/(-20))/(n/g).
2, 5
Let k(a) be the third derivative of 11*a**4/24 - 2*a**3 + 2*a**2. List the prime factors of k(8).
2, 19
Suppose 3*p = 3*j - 20 - 7, p = 1. Suppose -r + 1408 = j*r. What are the prime factors of r?
2
Let x(v) = v**2 + 3*v - 9. Suppose 0*y = 4*y - 4. Suppose 5*k - 3*d = -20, -2*d + y - 4 = -k. List the prime factors of x(k).
19
Suppose 2*q + 5*d = -1, 2*d + 5 = -3*d. Suppose 0 = 8*g - q*g - 702. List the prime factors of g.
3, 13
Suppose 396 - 6302 = -2*n + 4*a, -3*a + 14713 = 5*n. List the prime factors of n.
5, 19, 31
Suppose 12*u = 105 + 1335. Let f = 114 + u. List the prime factors of f.
2, 3, 13
Let m(i) = 25*i**3 - 3 + 0*i**3 - i**2 + 6 - 6*i + 3*i. What are the prime factors of m(1)?
2, 3
Suppose 8*l + 2 = 7*l. What are the prime factors of (-188)/(-3) - (l - (-5)/3)?
3, 7
Suppose -3143 = -10*d + 3917. What are the prime factors of d?
2, 353
Suppose o - 2 = 0, 0 = -2*g - 6*o + o + 6. Let x = -17 + g. Let h = 32 + x. What are the prime factors of h?
13
Let f(k) = 3*k**2 + 3*k. Let u be f(-2). Let t be 5 - u - 36/(